{"id":257,"date":"2024-07-26T16:34:04","date_gmt":"2024-07-26T19:34:04","guid":{"rendered":"https:\/\/milasimonetti.com.br\/?post_type=product&#038;p=257"},"modified":"2024-11-09T12:12:15","modified_gmt":"2024-11-09T15:12:15","slug":"cena-cotidiana-paraty-em-foco-03","status":"publish","type":"product","link":"https:\/\/milasimonetti.com.br\/?product=cena-cotidiana-paraty-em-foco-03","title":{"rendered":"Cena Cotidiana &#8211; Paraty em Foco 03"},"content":{"rendered":"","protected":false},"excerpt":{"rendered":"<p>Nesta cativante fotografia de Mila Simonetti, vemos um instante de simplicidade e conex\u00e3o cotidiana. Barco colorido participante de prociss\u00e3o local empresta colorido especial a uma buc\u00f3lica tarde.<\/p>\n","protected":false},"featured_media":139,"comment_status":"open","ping_status":"closed","template":"","meta":[],"product_brand":[],"product_cat":[27],"product_tag":[],"class_list":{"0":"post-257","1":"product","2":"type-product","3":"status-publish","4":"has-post-thumbnail","6":"product_cat-paraty-em-foco","8":"first","9":"instock","10":"shipping-taxable","11":"purchasable","12":"product-type-variable"},"_links":{"self":[{"href":"https:\/\/milasimonetti.com.br\/index.php?rest_route=\/wp\/v2\/product\/257","targetHints":{"allow":["GET"]}}],"collection":[{"href":"https:\/\/milasimonetti.com.br\/index.php?rest_route=\/wp\/v2\/product"}],"about":[{"href":"https:\/\/milasimonetti.com.br\/index.php?rest_route=\/wp\/v2\/types\/product"}],"replies":[{"embeddable":true,"href":"https:\/\/milasimonetti.com.br\/index.php?rest_route=%2Fwp%2Fv2%2Fcomments&post=257"}],"wp:featuredmedia":[{"embeddable":true,"href":"https:\/\/milasimonetti.com.br\/index.php?rest_route=\/wp\/v2\/media\/139"}],"wp:attachment":[{"href":"https:\/\/milasimonetti.com.br\/index.php?rest_route=%2Fwp%2Fv2%2Fmedia&parent=257"}],"wp:term":[{"taxonomy":"product_brand","embeddable":true,"href":"https:\/\/milasimonetti.com.br\/index.php?rest_route=%2Fwp%2Fv2%2Fproduct_brand&post=257"},{"taxonomy":"product_cat","embeddable":true,"href":"https:\/\/milasimonetti.com.br\/index.php?rest_route=%2Fwp%2Fv2%2Fproduct_cat&post=257"},{"taxonomy":"product_tag","embeddable":true,"href":"https:\/\/milasimonetti.com.br\/index.php?rest_route=%2Fwp%2Fv2%2Fproduct_tag&post=257"}],"curies":[{"name":"wp","href":"https:\/\/api.w.org\/{rel}","templated":true}]}}